{"id":1547,"date":"2024-08-27T23:44:58","date_gmt":"2024-08-27T18:44:58","guid":{"rendered":"https:\/\/suryayoga.ca\/?post_type=ajde_events&#038;p=1547"},"modified":"2026-08-17T03:45:34","modified_gmt":"2026-08-16T22:45:34","slug":"nouveau-mercredi-de-9-h-30-a-11-h-yoga-en-presentiel-mobilite-pour-vieillir-en-equilibre-force-stabilite-flexibilite-et-relaxation","status":"publish","type":"ajde_events","link":"https:\/\/suryayoga.ca\/en\/events\/nouveau-mercredi-de-9-h-30-a-11-h-yoga-en-presentiel-mobilite-pour-vieillir-en-equilibre-force-stabilite-flexibilite-et-relaxation\/","title":{"rendered":"Mercredi  9 h 30 \u00e0 11 h : Yoga en pr\u00e9sentiel (mobilit\u00e9 pour vieillir en \u00e9quilibre : force, stabilit\u00e9, flexibilit\u00e9 et relaxation)"},"content":{"rendered":"<ul>\n<li><strong>mobilit\u00e9 pour vieillir en \u00e9quilibre : force, stabilit\u00e9, flexibilit\u00e9, relaxation, m\u00e9ditation<\/strong><\/li>\n<\/ul>\n","protected":false},"author":1,"featured_media":-1,"menu_order":0,"comment_status":"closed","ping_status":"closed","template":"","meta":[],"tags":[],"event_type":[],"event_type_2":[],"class_list":["post-1547","ajde_events","type-ajde_events","status-publish","has-post-thumbnail","hentry"],"yoast_head":"<!-- This site is optimized with the Yoast SEO plugin v28.3 - https:\/\/yoast.com\/product\/yoast-seo-wordpress\/ -->\n<title>Mercredi 9 h 30 \u00e0 11 h : Yoga en pr\u00e9sentiel (mobilit\u00e9 pour vieillir en \u00e9quilibre : force, stabilit\u00e9, flexibilit\u00e9 et relaxation) - Surya Yoga<\/title>\n<meta name=\"robots\" content=\"index, follow, max-snippet:-1, max-image-preview:large, max-video-preview:-1\" \/>\n<link rel=\"canonical\" href=\"https:\/\/suryayoga.ca\/events\/nouveau-mercredi-de-9-h-30-a-11-h-yoga-en-presentiel-mobilite-pour-vieillir-en-equilibre-force-stabilite-flexibilite-et-relaxation\/\" \/>\n<meta property=\"og:locale\" content=\"en_US\" \/>\n<meta property=\"og:type\" content=\"article\" \/>\n<meta property=\"og:title\" content=\"Mercredi 9 h 30 \u00e0 11 h : Yoga en pr\u00e9sentiel (mobilit\u00e9 pour vieillir en \u00e9quilibre : force, stabilit\u00e9, flexibilit\u00e9 et relaxation) - Surya Yoga\" \/>\n<meta property=\"og:description\" content=\"mobilit\u00e9 pour vieillir en \u00e9quilibre : force, stabilit\u00e9, flexibilit\u00e9, relaxation, [&hellip;]\" \/>\n<meta property=\"og:url\" content=\"https:\/\/suryayoga.ca\/events\/nouveau-mercredi-de-9-h-30-a-11-h-yoga-en-presentiel-mobilite-pour-vieillir-en-equilibre-force-stabilite-flexibilite-et-relaxation\/\" \/>\n<meta property=\"og:site_name\" content=\"Surya Yoga\" \/>\n<meta property=\"article:modified_time\" content=\"2026-08-16T22:45:34+00:00\" \/>\n<meta name=\"twitter:card\" content=\"summary_large_image\" \/>\n<meta name=\"twitter:label1\" content=\"Est. reading time\" \/>\n\t<meta name=\"twitter:data1\" content=\"1 minute\" \/>\n<script type=\"application\/ld+json\" class=\"yoast-schema-graph\">{\"@context\":\"https:\\\/\\\/schema.org\",\"@graph\":[{\"@type\":\"WebPage\",\"@id\":\"https:\\\/\\\/suryayoga.ca\\\/events\\\/nouveau-mercredi-de-9-h-30-a-11-h-yoga-en-presentiel-mobilite-pour-vieillir-en-equilibre-force-stabilite-flexibilite-et-relaxation\\\/\",\"url\":\"https:\\\/\\\/suryayoga.ca\\\/events\\\/nouveau-mercredi-de-9-h-30-a-11-h-yoga-en-presentiel-mobilite-pour-vieillir-en-equilibre-force-stabilite-flexibilite-et-relaxation\\\/\",\"name\":\"Mercredi 9 h 30 \u00e0 11 h : Yoga en pr\u00e9sentiel (mobilit\u00e9 pour vieillir en \u00e9quilibre : force, stabilit\u00e9, flexibilit\u00e9 et relaxation) - Surya Yoga\",\"isPartOf\":{\"@id\":\"https:\\\/\\\/suryayoga.ca\\\/#website\"},\"datePublished\":\"2024-08-27T18:44:58+00:00\",\"dateModified\":\"2026-08-16T22:45:34+00:00\",\"breadcrumb\":{\"@id\":\"https:\\\/\\\/suryayoga.ca\\\/events\\\/nouveau-mercredi-de-9-h-30-a-11-h-yoga-en-presentiel-mobilite-pour-vieillir-en-equilibre-force-stabilite-flexibilite-et-relaxation\\\/#breadcrumb\"},\"inLanguage\":\"en-US\",\"potentialAction\":[{\"@type\":\"ReadAction\",\"target\":[\"https:\\\/\\\/suryayoga.ca\\\/events\\\/nouveau-mercredi-de-9-h-30-a-11-h-yoga-en-presentiel-mobilite-pour-vieillir-en-equilibre-force-stabilite-flexibilite-et-relaxation\\\/\"]}]},{\"@type\":\"BreadcrumbList\",\"@id\":\"https:\\\/\\\/suryayoga.ca\\\/events\\\/nouveau-mercredi-de-9-h-30-a-11-h-yoga-en-presentiel-mobilite-pour-vieillir-en-equilibre-force-stabilite-flexibilite-et-relaxation\\\/#breadcrumb\",\"itemListElement\":[{\"@type\":\"ListItem\",\"position\":1,\"name\":\"Accueil\",\"item\":\"https:\\\/\\\/suryayoga.ca\\\/en\\\/\"},{\"@type\":\"ListItem\",\"position\":2,\"name\":\"Events\",\"item\":\"https:\\\/\\\/suryayoga.ca\\\/events\\\/\"},{\"@type\":\"ListItem\",\"position\":3,\"name\":\"Mercredi 9 h 30 \u00e0 11 h : Yoga en pr\u00e9sentiel (mobilit\u00e9 pour vieillir en \u00e9quilibre : force, stabilit\u00e9, flexibilit\u00e9 et relaxation)\"}]},{\"@type\":\"WebSite\",\"@id\":\"https:\\\/\\\/suryayoga.ca\\\/#website\",\"url\":\"https:\\\/\\\/suryayoga.ca\\\/\",\"name\":\"Surya Yoga\",\"description\":\"Studio de yoga | Rosem\u00e8re\",\"potentialAction\":[{\"@type\":\"SearchAction\",\"target\":{\"@type\":\"EntryPoint\",\"urlTemplate\":\"https:\\\/\\\/suryayoga.ca\\\/?s={search_term_string}\"},\"query-input\":{\"@type\":\"PropertyValueSpecification\",\"valueRequired\":true,\"valueName\":\"search_term_string\"}}],\"inLanguage\":\"en-US\"}]}<\/script>\n<!-- \/ Yoast SEO plugin. -->","yoast_head_json":{"title":"Mercredi 9 h 30 \u00e0 11 h : Yoga en pr\u00e9sentiel (mobilit\u00e9 pour vieillir en \u00e9quilibre : force, stabilit\u00e9, flexibilit\u00e9 et relaxation) - Surya Yoga","robots":{"index":"index","follow":"follow","max-snippet":"max-snippet:-1","max-image-preview":"max-image-preview:large","max-video-preview":"max-video-preview:-1"},"canonical":"https:\/\/suryayoga.ca\/events\/nouveau-mercredi-de-9-h-30-a-11-h-yoga-en-presentiel-mobilite-pour-vieillir-en-equilibre-force-stabilite-flexibilite-et-relaxation\/","og_locale":"en_US","og_type":"article","og_title":"Mercredi 9 h 30 \u00e0 11 h : Yoga en pr\u00e9sentiel (mobilit\u00e9 pour vieillir en \u00e9quilibre : force, stabilit\u00e9, flexibilit\u00e9 et relaxation) - Surya Yoga","og_description":"mobilit\u00e9 pour vieillir en \u00e9quilibre : force, stabilit\u00e9, flexibilit\u00e9, relaxation, [&hellip;]","og_url":"https:\/\/suryayoga.ca\/events\/nouveau-mercredi-de-9-h-30-a-11-h-yoga-en-presentiel-mobilite-pour-vieillir-en-equilibre-force-stabilite-flexibilite-et-relaxation\/","og_site_name":"Surya Yoga","article_modified_time":"2026-08-16T22:45:34+00:00","twitter_card":"summary_large_image","twitter_misc":{"Est. reading time":"1 minute"},"schema":{"@context":"https:\/\/schema.org","@graph":[{"@type":"WebPage","@id":"https:\/\/suryayoga.ca\/events\/nouveau-mercredi-de-9-h-30-a-11-h-yoga-en-presentiel-mobilite-pour-vieillir-en-equilibre-force-stabilite-flexibilite-et-relaxation\/","url":"https:\/\/suryayoga.ca\/events\/nouveau-mercredi-de-9-h-30-a-11-h-yoga-en-presentiel-mobilite-pour-vieillir-en-equilibre-force-stabilite-flexibilite-et-relaxation\/","name":"Mercredi 9 h 30 \u00e0 11 h : Yoga en pr\u00e9sentiel (mobilit\u00e9 pour vieillir en \u00e9quilibre : force, stabilit\u00e9, flexibilit\u00e9 et relaxation) - Surya Yoga","isPartOf":{"@id":"https:\/\/suryayoga.ca\/#website"},"datePublished":"2024-08-27T18:44:58+00:00","dateModified":"2026-08-16T22:45:34+00:00","breadcrumb":{"@id":"https:\/\/suryayoga.ca\/events\/nouveau-mercredi-de-9-h-30-a-11-h-yoga-en-presentiel-mobilite-pour-vieillir-en-equilibre-force-stabilite-flexibilite-et-relaxation\/#breadcrumb"},"inLanguage":"en-US","potentialAction":[{"@type":"ReadAction","target":["https:\/\/suryayoga.ca\/events\/nouveau-mercredi-de-9-h-30-a-11-h-yoga-en-presentiel-mobilite-pour-vieillir-en-equilibre-force-stabilite-flexibilite-et-relaxation\/"]}]},{"@type":"BreadcrumbList","@id":"https:\/\/suryayoga.ca\/events\/nouveau-mercredi-de-9-h-30-a-11-h-yoga-en-presentiel-mobilite-pour-vieillir-en-equilibre-force-stabilite-flexibilite-et-relaxation\/#breadcrumb","itemListElement":[{"@type":"ListItem","position":1,"name":"Accueil","item":"https:\/\/suryayoga.ca\/en\/"},{"@type":"ListItem","position":2,"name":"Events","item":"https:\/\/suryayoga.ca\/events\/"},{"@type":"ListItem","position":3,"name":"Mercredi 9 h 30 \u00e0 11 h : Yoga en pr\u00e9sentiel (mobilit\u00e9 pour vieillir en \u00e9quilibre : force, stabilit\u00e9, flexibilit\u00e9 et relaxation)"}]},{"@type":"WebSite","@id":"https:\/\/suryayoga.ca\/#website","url":"https:\/\/suryayoga.ca\/","name":"Surya Yoga","description":"Studio de yoga | Rosem\u00e8re","potentialAction":[{"@type":"SearchAction","target":{"@type":"EntryPoint","urlTemplate":"https:\/\/suryayoga.ca\/?s={search_term_string}"},"query-input":{"@type":"PropertyValueSpecification","valueRequired":true,"valueName":"search_term_string"}}],"inLanguage":"en-US"}]}},"_links":{"self":[{"href":"https:\/\/suryayoga.ca\/en\/wp-json\/wp\/v2\/ajde_events\/1547","targetHints":{"allow":["GET"]}}],"collection":[{"href":"https:\/\/suryayoga.ca\/en\/wp-json\/wp\/v2\/ajde_events"}],"about":[{"href":"https:\/\/suryayoga.ca\/en\/wp-json\/wp\/v2\/types\/ajde_events"}],"author":[{"embeddable":true,"href":"https:\/\/suryayoga.ca\/en\/wp-json\/wp\/v2\/users\/1"}],"replies":[{"embeddable":true,"href":"https:\/\/suryayoga.ca\/en\/wp-json\/wp\/v2\/comments?post=1547"}],"wp:attachment":[{"href":"https:\/\/suryayoga.ca\/en\/wp-json\/wp\/v2\/media?parent=1547"}],"wp:term":[{"taxonomy":"post_tag","embeddable":true,"href":"https:\/\/suryayoga.ca\/en\/wp-json\/wp\/v2\/tags?post=1547"},{"taxonomy":"event_type","embeddable":true,"href":"https:\/\/suryayoga.ca\/en\/wp-json\/wp\/v2\/event_type?post=1547"},{"taxonomy":"event_type_2","embeddable":true,"href":"https:\/\/suryayoga.ca\/en\/wp-json\/wp\/v2\/event_type_2?post=1547"}],"curies":[{"name":"wp","href":"https:\/\/api.w.org\/{rel}","templated":true}]}}

Mercredi  9 h 30 à 11 h : Yoga en présentiel (mobilité pour vieillir en équilibre : force, stabilité, flexibilité et relaxation)

<ul>
<li><strong>mobilité pour vieillir en équilibre : force, stabilité, flexibilité, relaxation, méditation</strong></li>
</ul>

<!-- This site is optimized with the Yoast SEO plugin v28.3 - https://yoast.com/product/yoast-seo-wordpress/ -->
<title>Mercredi 9 h 30 à 11 h : Yoga en présentiel (mobilité pour vieillir en équilibre : force, stabilité, flexibilité et relaxation) - Surya Yoga</title>
<meta name="robots" content="index, follow, max-snippet:-1, max-image-preview:large, max-video-preview:-1" />
<link rel="canonical" href="https://suryayoga.ca/events/nouveau-mercredi-de-9-h-30-a-11-h-yoga-en-presentiel-mobilite-pour-vieillir-en-equilibre-force-stabilite-flexibilite-et-relaxation/" />
<meta property="og:locale" content="en_US" />
<meta property="og:type" content="article" />
<meta property="og:title" content="Mercredi 9 h 30 à 11 h : Yoga en présentiel (mobilité pour vieillir en équilibre : force, stabilité, flexibilité et relaxation) - Surya Yoga" />
<meta property="og:description" content="mobilité pour vieillir en équilibre : force, stabilité, flexibilité, relaxation, [&hellip;]" />
<meta property="og:url" content="https://suryayoga.ca/events/nouveau-mercredi-de-9-h-30-a-11-h-yoga-en-presentiel-mobilite-pour-vieillir-en-equilibre-force-stabilite-flexibilite-et-relaxation/" />
<meta property="og:site_name" content="Surya Yoga" />
<meta property="article:modified_time" content="2026-08-16T22:45:34+00:00" />
<meta name="twitter:card" content="summary_large_image" />
<meta name="twitter:label1" content="Est. reading time" />
	<meta name="twitter:data1" content="1 minute" />
<script type="application/ld+json" class="yoast-schema-graph">{"@context":"https:\/\/schema.org","@graph":[{"@type":"WebPage","@id":"https:\/\/suryayoga.ca\/events\/nouveau-mercredi-de-9-h-30-a-11-h-yoga-en-presentiel-mobilite-pour-vieillir-en-equilibre-force-stabilite-flexibilite-et-relaxation\/","url":"https:\/\/suryayoga.ca\/events\/nouveau-mercredi-de-9-h-30-a-11-h-yoga-en-presentiel-mobilite-pour-vieillir-en-equilibre-force-stabilite-flexibilite-et-relaxation\/","name":"Mercredi 9 h 30 à 11 h : Yoga en présentiel (mobilité pour vieillir en équilibre : force, stabilité, flexibilité et relaxation) - Surya Yoga","isPartOf":{"@id":"https:\/\/suryayoga.ca\/#website"},"datePublished":"2024-08-27T18:44:58+00:00","dateModified":"2026-08-16T22:45:34+00:00","breadcrumb":{"@id":"https:\/\/suryayoga.ca\/events\/nouveau-mercredi-de-9-h-30-a-11-h-yoga-en-presentiel-mobilite-pour-vieillir-en-equilibre-force-stabilite-flexibilite-et-relaxation\/#breadcrumb"},"inLanguage":"en-US","potentialAction":[{"@type":"ReadAction","target":["https:\/\/suryayoga.ca\/events\/nouveau-mercredi-de-9-h-30-a-11-h-yoga-en-presentiel-mobilite-pour-vieillir-en-equilibre-force-stabilite-flexibilite-et-relaxation\/"]}]},{"@type":"BreadcrumbList","@id":"https:\/\/suryayoga.ca\/events\/nouveau-mercredi-de-9-h-30-a-11-h-yoga-en-presentiel-mobilite-pour-vieillir-en-equilibre-force-stabilite-flexibilite-et-relaxation\/#breadcrumb","itemListElement":[{"@type":"ListItem","position":1,"name":"Accueil","item":"https:\/\/suryayoga.ca\/en\/"},{"@type":"ListItem","position":2,"name":"Events","item":"https:\/\/suryayoga.ca\/events\/"},{"@type":"ListItem","position":3,"name":"Mercredi 9 h 30 à 11 h : Yoga en présentiel (mobilité pour vieillir en équilibre : force, stabilité, flexibilité et relaxation)"}]},{"@type":"WebSite","@id":"https:\/\/suryayoga.ca\/#website","url":"https:\/\/suryayoga.ca\/","name":"Surya Yoga","description":"Studio de yoga | Rosemère","potentialAction":[{"@type":"SearchAction","target":{"@type":"EntryPoint","urlTemplate":"https:\/\/suryayoga.ca\/?s={search_term_string}"},"query-input":{"@type":"PropertyValueSpecification","valueRequired":true,"valueName":"search_term_string"}}],"inLanguage":"en-US"}]}</script>
<!-- / Yoast SEO plugin. -->

Mercredi 9 h 30 à 11 h : Yoga en présentiel (mobilité pour vieillir en équilibre : force, stabilité, flexibilité et relaxation) - Surya Yoga

mobilité pour vieillir en équilibre : force, stabilité, flexibilité, relaxation, [&hellip;]

Mercredi 9 h 30 à 11 h : Yoga en présentiel (mobilité pour vieillir en équilibre : force, stabilité, flexibilité et relaxation)

Studio de yoga | Rosemère
